?
False
Is 49214339 composite?
False
Is 3909209 prime?
True
Is 6399653 prime?
False
Is 3127639 a prime number?
False
Is 2102077 a composite number?
True
Is 82707629 a composite number?
False
Is 22410847 a prime number?
False
Is 41180881 prime?
False
Is 106804886 composite?
True
Is 72117511 prime?
True
Is 2431811 a composite number?
False
Is 5155909 a prime number?
False
Is 991946 prime?
False
Is 72705103 prime?
True
Is 30502069 a composite number?
True
Is 136283579 a prime number?
False
Is 4042601 prime?
True
Is 24914893 a composite number?
True
Is 43573991 prime?
True
Is 100820933 a composite number?
False
Is 4428521 prime?
False
Is 780313 a prime number?
False
Is 252258889 a prime number?
False
Is 9006359 composite?
False
Is 1442549 prime?
True
Is 1047821 a composite number?
False
Is 799471 a prime number?
True
Is 14843797 prime?
True
Is 42167699 prime?
False
Is 36047017 composite?
True
Is 249283147 composite?
False
Is 180771551 composite?
False
Is 7101859 composite?
True
Is 117844709 prime?
False
Is 7115041 a composite number?
False
Is 1850687 composite?
False
Is 1842923 prime?
False
Is 5124203 prime?
False
Is 650209055 prime?
False
Is 184553 a prime number?
True
Is 306306137 prime?
True
Is 9586381 prime?
False
Is 28053985 a prime number?
False
Is 3352957 a composite number?
False
Is 31887173 prime?
False
Is 11390833 prime?
False
Is 70778603 prime?
False
Is 704893 a composite number?
True
Is 4478403 a prime number?
False
Is 25392703 a composite number?
True
Is 3963679 prime?
False
Is 18297973 prime?
True
Is 3400823 a composite number?
False
Is 99887 prime?
False
Is 42245233 a prime number?
False
Is 61321103 composite?
False
Is 4189211 composite?
True
Is 9845579 composite?
True
Is 6865493 a composite number?
True
Is 15579719 prime?
True
Is 2825894 prime?
False
Is 200761153 prime?
False
Is 2196197 composite?
False
Is 410087 a composite number?
False
Is 12042083 a prime number?
True
Is 7675763 a prime number?
True
Is 53352289 prime?
True
Is 41751817 prime?
False
Is 7564967 prime?
False
Is 28839181 prime?
False
Is 105972877 composite?
False
Is 716857 prime?
True
Is 60662837 composite?
True
Is 373457963 a composite number?
False
Is 130678481 a composite number?
False
Is 5365873 prime?
False
Is 116177681 a composite number?
True
Is 5108171 a prime number?
False
Is 151819 prime?
False
Is 726805 composite?
True
Is 24874301 a composite number?
False
Is 144311567 a composite number?
False
Is 94327333 a composite number?
True
Is 126664481 prime?
False
Is 213890711 a prime number?
False
Is 32737097 composite?
False
Is 148304171 a composite number?
True
Is 18287879 a prime number?
False
Is 185168827 prime?
True
Is 9249041 a prime number?
True
Is 26481017 prime?
True
Is 5889313 prime?
True
Is 82417169 composite?
True
Is 2331187 a prime number?
True
Is 12117703 a prime number?
False
Is 7047239 a prime number?
True
Is 14747069 a composite number?
False
Is 2420779 a composite number?
False
Is 141429299 a prime number?
False
Is 16232813 a prime number?
False
Is 30814003 a composite number?
True
Is 24179455 a composite number?
True
Is 9946339 a prime number?
False
Is 1121671 a prime number?
True
Is 10654309 a composite number?
False
Is 5806727 a composite number?
False
Is 167641289 a prime number?
True
Is 9532943 prime?
False
Is 423069 prime?
False
Is 48070487 prime?
False
Is 94862311 prime?
False
Is 2851861 prime?
True
Is 511323 composite?
True
Is 3849107 prime?
True
Is 7041677 a prime number?
False
Is 989071 composite?
False
Is 90774701 a composite number?
False
Is 9559793 composite?
True
Is 173116211 composite?
False
Is 12547109 a composite number?
False
Is 139620473 a composite number?
True
Is 24048638 prime?
False
Is 1885318 composite?
True
Is 219129289 a prime number?
True
Is 6442531 a composite number?
False
Is 89732999 a prime number?
True
Is 46532423 a prime number?
False
Is 145803895 prime?
False
Is 11616301 a prime number?
False
Is 1299715 a composite number?
True
Is 7767989 a composite number?
False
Is 9798589 composite?
False
Is 384203 a prime number?
True
Is 73560043 prime?
True
Is 3878597 a prime number?
True
Is 66111763 a composite number?
True
Is 83295217 a composite number?
False
Is 244953497 a prime number?
True
Is 11287249 a composite number?
False
Is 413220083 a prime number?
True
Is 81717439 a composite number?
True
Is 1582297 composite?
False
Is 71626861 prime?
False
Is 970201 prime?
True
Is 721783 prime?
True
Is 8140981 a composite number?
False
Is 9630821 a prime number?
True
Is 26926619 a composite number?
True
Is 1730429 a composite number?
False
Is 29791063 a composite number?
True
Is 34150955 a composite number?
True
Is 23758629 composite?
True
Is 9876469 prime?
True
Is 40061891 a prime number?
True
Is 9777337 composite?
True
Is 7445627 a prime number?
False
Is 1266171 composite?
True
Is 6706027 composite?
True
Is 255869813 prime?
False
Is 1087519193 prime?
True
Is 13193987 a prime number?
True
Is 7001243 a prime number?
False
Is 157537201 a prime number?
True
Is 26582993 a prime number?
True
Is 3358813 prime?
False
Is 88006169 a composite number?
False
Is 2965601 prime?
True
Is 2218037 composite?
False
Is 12126493 composite?
False
Is 44269189 a composite number?
False
Is 3600061 prime?
False
Is 2494462 composite?
True
Is 94787477 a composite number?
True
Is 130026227 prime?
False
Is 18024997 a composite number?
True
Is 329808811 a composite number?
True
Is 124458229 a prime number?
False
Is 17739439 a composite number?
False
Is 58273687 prime?
True
Is 589457083 prime?
False
Is 5293279 a prime number?
False
Is 39728369 prime?
False
Is 19298039 a composite number?
True
Is 52462133 composite?
False
Is 1880477 a prime number?
False
Is 8393171 a composite number?
False
Is 1774963 prime?
False
Is 523164199 prime?
True
Is 6820798 a composite number?
True
Is 8747903 a prime number?
True
Is 1771307 prime?
False
Is 123818963 a composite number?
False
Is 3599279 a prime number?
True
Is 80039389 prime?
False
Is 13474262 a prime number?
False
Is 17170049 a prime number?
False
Is 17048419 composite?
True
Is 20146201 composite?
True
Is 782839 a prime number?
True
Is 592571831 composite?
True
Is 39176273 prime?
True
Is 194077 a composite number?
True
Is 60343051 a prime number?
True
Is 629683 a composite number?
False
Is 4819966 prime?
False
Is 207621431 a composite number?
False
Is 2712971 composite?
False
Is 270979 a prime number?
False
Is 6159071 composite?
True
Is 26290897 prime?
True
Is 8630891 a composite number?
True
Is 7177715 prime?
False
Is 2132963 prime?
False
Is 25439255 composite?
True
Is 9880883 a composite number?
True
Is 90450803 composite?
False
Is 65209237 a prime number?
False
Is 47569677 composite?
True
Is 693659 composite?
False
Is 692441 a prime number?
True
Is 1130723 a prime number?
False
Is 957917 a prime number?
True
Is 66959 composite?
False
Is 82373605 a composite number?
True
Is 197928011 a prime number?
False
Is 82093643 prime?
False
Is 606336751 a prime number?
True
Is 10683791 prime?
True
Is 3688899 a prime number?
False
Is 120335627 composite?
False
Is 3906635 prime?
False
Is 1780439 prime?
True
Is 87280729 a composite number?
True
Is 38737621 composite?
True
Is 493376407 a prime number?
True
Is 30901523 prime?
True
Is 59683951 composite?
False
Is 19508141 composite?
False
Is 12515135 a composite number?
True
Is 64553 a prime number?
True
Is 415199 a prime number?
False
Is 73199 composite?
True
Is 174685681 composite?
False
Is 8211257 prime?
False
Is 24296873 a prime number?
True
Is 5147033 a composite number?
True
Is 40215899 a composite number?
False
Is 46023281 prime?
False
Is 383991 prime?
False
Is 68800211 composite?
False
Is 1483087 a composite number?
False
Is 5465903 prime?
True
Is 2016317 composite?
True
Is 104575207 prime?
False
Is 2020927 composite?
True
Is 235415387 a composite number?
False
Is 23668033 a prime number?
False
Is 29513483 a composite number?
False
Is 27265813 composite?
False
Is 29487671 a prime number?
True
Is 3723758 a prime number?
False
Is 11915051 prime?
False
Is 331207 a prime number?
True
Is 191664794 prime?
False
Is 7740869 a composite number?
True
Is 117511499 a composite number?
True
Is 2646733 composite?
False
Is 7549117 composite?
True
Is 6133983 a composite number?
Tru